{"id":58910,"date":"2026-04-21T15:46:48","date_gmt":"2026-04-21T13:46:48","guid":{"rendered":"https:\/\/weingut-fritzsch.de\/wpn\/produkt\/artikel-nr-172025er-scheurebe-qualitaetswein-trocken-075l\/"},"modified":"2026-04-27T08:33:34","modified_gmt":"2026-04-27T06:33:34","slug":"artikel-nr-172025er-scheurebe-qualitaetswein-trocken-075l","status":"publish","type":"product","link":"https:\/\/weingut-fritzsch.de\/wpn\/produkt\/artikel-nr-172025er-scheurebe-qualitaetswein-trocken-075l\/","title":{"rendered":"<br>Artikel-Nr. 17<br>2025er Scheurebe Qualit\u00e4tswein  trocken 0,75l<br>"},"content":{"rendered":"\n<div align=\"left\"><font size=\"2\"><br \/><!-- IBGHTML --><\/p>\n<p data-start=\"198\" data-end=\"262\"><strong data-start=\"198\" data-end=\"260\">Scheurebe Trocken \u2013 Sprendlinger Wi\u00dfberg, Rheinhessen <\/strong><\/p>\n<p data-start=\"264\" data-end=\"642\"><strong data-start=\"264\" data-end=\"293\">Aromenprofil &amp; Charakter:<\/strong> Im Glas wirkt die Scheurebe leicht, beschwingt und entwickelt sich zu einem echten Statement-Wein. In der Nase zeigen sich Aromen von reifen gelben Fr\u00fcchten, einem Hauch Zitrus und einer feinen W\u00fcrze. Am Gaumen pr\u00e4sentiert sich der Wein fruchtbetont, elegant trocken und von angenehmer Frische getragen \u2013 ein au\u00dfergew\u00f6hnliches Geschmackserlebnis.<\/p>\n<p data-start=\"644\" data-end=\"904\"><strong data-start=\"644\" data-end=\"662\">Genussmomente:<\/strong> Ein vielseitiger Wein, der zu verschiedenen Speisen passt: asiatische K\u00fcche, Melone mit Parmaschinken, Krustentiere in Tomatensauce oder feine Pasta. Auch pur serviert eignet sich die Scheurebe perfekt als erfrischender Aperitif im Sommer.<\/p>\n<p data-start=\"906\" data-end=\"1035\"><strong data-start=\"906\" data-end=\"928\">Serviertemperatur:<\/strong> 8\u202f\u00b0C \u2013 gut gek\u00fchlt entfaltet der Wein seine fruchtige Frische und aromatische Vielschichtigkeit optimal.<\/p>\n<p data-start=\"1037\" data-end=\"1370\"><strong data-start=\"1037\" data-end=\"1065\">Weinbereitung &amp; Terroir:<\/strong> Die Trauben wachsen auf den kalkhaltigen, steinigen B\u00f6den des Sprendlinger Wi\u00dfbergs, die f\u00fcr Mineralit\u00e4t und lebendige S\u00e4ure sorgen. Die Scheurebe wurde 1916 von Dr. Georg Scheu in Alzey gez\u00fcchtet, eine Kreuzung aus Riesling und Bukettraube, und ist heute ein charakteristischer Vertreter Rheinhessens.<\/p>\n<p data-start=\"1372\" data-end=\"1720\"><strong data-start=\"1372\" data-end=\"1397\">Charakter &amp; Herkunft:<\/strong> Ein extravaganter, trockener Wei\u00dfwein der Extra-Klasse. Weltweit ist die Scheurebe eher unbekannt, in Deutschland nimmt sie ca. 1,4\u202f% der Rebfl\u00e4che ein. Dieser Wein vereint expressive Frucht, feine W\u00fcrze und mineralische Struktur \u2013 ein au\u00dfergew\u00f6hnlicher Tropfen vom Sprendlinger Wi\u00dfberg.<\/p>\n<p><span style='line-height: 115%;font-family: \"Times New Roman\",\"serif\";font-size: 13pt'><br \/><font size=\"3\"><\/font><\/p>\n<p align=\"left\" style=\"margin: 0cm 0cm 0pt;text-align: center\"><\/p>\n<p align=\"left\" style=\"margin: 0cm 0cm 0pt;text-align: center\"><span style='font-family: \"Times New Roman\",\"serif\";font-size: 13pt'><b><br \/><\/b><\/span><\/p>\n<p><font size=\"3\"><\/font><\/span><br \/> <\/font><\/div>\n<table WIDTH=\"60%\" BORDER=\"0\" align=\"left\" CELLPADDING=\"0\" CELLSPACING=\"0\"><\/p>\n<tr><\/p>\n<td width=\"53%\"><font size=\"-1\">Artikelnummer:<\/font><\/td>\n<td width=\"47%\"><font size=\"-1\"><strong>17<\/strong><\/font><\/td>\n<p><\/tr>\n<tr><\/p>\n<td><font size=\"-1\">Inhalt<\/font><\/td>\n<td><font size=\"-1\"><strong>0,75 Ltr.<\/strong><\/font><\/td>\n<p><\/tr>\n<tr ALIGN=\"LEFT\"><\/p>\n<td><font size=\"-1\">Preis\/Ltr.<\/font><\/td>\n<td><font size=\"-1\"><strong>9,20 EUR pro Ltr.<\/strong><\/font><\/td>\n<p><\/tr>\n<tr><\/p>\n<td><font size=\"-1\">Weinart:<\/font><\/td>\n<td><font size=\"-1\"><strong>Wei\u00dfwein<\/strong><\/font><\/td>\n<p><\/tr>\n<tr><\/p>\n<td><font size=\"-1\">Qualit&auml;tsstufe<\/font><\/td>\n<td><font size=\"-1\"><strong>Qualit\u00e4tswein<\/strong><\/font><\/td>\n<p><\/tr>\n<tr><\/p>\n<td><font size=\"-1\">Rebsorte<\/font><\/td>\n<td><font size=\"-1\"><strong>Scheurebe<\/strong><\/font><\/td>\n<p><\/tr>\n<tr>  <\/p>\n<td><font size=\"-1\">Restzuckergehalt<\/font><\/td>\n<p>  <\/p>\n<td><font size=\"-1\"><strong>7,6 g\/Ltr.<\/strong><\/font><\/td>\n<p><\/tr>\n<p><\/p>\n<tr><\/p>\n<td><font size=\"-1\">Alkoholgehalt<\/font><\/td>\n<td><font size=\"-1\"><strong>12,0 Vol. %<\/strong><\/font><\/td>\n<p><\/tr>\n<p><\/p>\n<tr>\n<td><font size=\"-1\">Bio:<\/font><\/td>\n<td><font size=\"-1\"><strong>NEIN<\/strong><\/font><\/td>\n<\/tr>\n<p><\/p>\n<tr>\n<td><font size=\"-1\">vegan:<\/font><\/td>\n<td><font size=\"-1\"><strong>NEIN<\/strong><\/font><\/td>\n<\/tr>\n<p><\/p>\n<tr>\n<td><font size=\"-1\">Ursprungsland:<\/font><\/td>\n<td><font size=\"-1\"><strong>Deutschland<\/strong><\/font><\/td>\n<\/tr>\n<p><\/p>\n<tr>\n<td><font size=\"-1\">enth\u00e4lt Allergene:<\/font><\/td>\n<td><font size=\"-1\"><strong>Sulfite<\/strong><\/font><\/td>\n<\/tr>\n<p><\/p>\n<tr>\n<td><font size=\"-1\">enth\u00e4lt Allergene:<\/font><\/td>\n<td><font size=\"-1\"><strong>Sulfite<\/strong><\/font><\/td>\n<\/tr>\n<p><\/table>\n","protected":false},"excerpt":{"rendered":"<p>Scheurebe Trocken \u2013 Sprendlinger Wi\u00dfberg, Rheinhessen Aromenprofil &amp; Charakter: Im Glas wirkt die Scheurebe leicht, beschwingt und entwickelt sich zu einem echten Statement-Wein. In der Nase zeigen sich Aromen von reifen gelben Fr\u00fcchten, einem Hauch Zitrus und einer feinen W\u00fcrze. Am Gaumen pr\u00e4sentiert sich der Wein fruchtbetont, elegant trocken und von angenehmer Frische getragen \u2013 [&hellip;]<\/p>\n","protected":false},"featured_media":58029,"comment_status":"open","ping_status":"closed","template":"","meta":{"_uag_custom_page_level_css":"","site-sidebar-layout":"default","site-content-layout":"","ast-site-content-layout":"default","site-content-style":"default","site-sidebar-style":"default","ast-global-header-display":"","ast-banner-title-visibility":"","ast-main-header-display":"","ast-hfb-above-header-display":"","ast-hfb-below-header-display":"","ast-hfb-mobile-header-display":"","site-post-title":"","ast-breadcrumbs-content":"","ast-featured-img":"","footer-sml-layout":"","ast-disable-related-posts":"","theme-transparent-header-meta":"","adv-header-id-meta":"","stick-header-meta":"","header-above-stick-meta":"","header-main-stick-meta":"","header-below-stick-meta":"","astra-migrate-meta-layouts":"default","ast-page-background-enabled":"default","ast-page-background-meta":{"desktop":{"background-color":"var(--ast-global-color-4)","background-image":"","background-repeat":"repeat","background-position":"center center","background-size":"auto","background-attachment":"scroll","background-type":"","background-media":"","overlay-type":"","overlay-color":"","overlay-opacity":"","overlay-gradient":""},"tablet":{"background-color":"","background-image":"","background-repeat":"repeat","background-position":"center center","background-size":"auto","background-attachment":"scroll","background-type":"","background-media":"","overlay-type":"","overlay-color":"","overlay-opacity":"","overlay-gradient":""},"mobile":{"background-color":"","background-image":"","background-repeat":"repeat","background-position":"center center","background-size":"auto","background-attachment":"scroll","background-type":"","background-media":"","overlay-type":"","overlay-color":"","overlay-opacity":"","overlay-gradient":""}},"ast-content-background-meta":{"desktop":{"background-color":"var(--ast-global-color-5)","background-image":"","background-repeat":"repeat","background-position":"center center","background-size":"auto","background-attachment":"scroll","background-type":"","background-media":"","overlay-type":"","overlay-color":"","overlay-opacity":"","overlay-gradient":""},"tablet":{"background-color":"var(--ast-global-color-5)","background-image":"","background-repeat":"repeat","background-position":"center center","background-size":"auto","background-attachment":"scroll","background-type":"","background-media":"","overlay-type":"","overlay-color":"","overlay-opacity":"","overlay-gradient":""},"mobile":{"background-color":"var(--ast-global-color-5)","background-image":"","background-repeat":"repeat","background-position":"center center","background-size":"auto","background-attachment":"scroll","background-type":"","background-media":"","overlay-type":"","overlay-color":"","overlay-opacity":"","overlay-gradient":""}}},"product_brand":[],"product_cat":[3595],"product_tag":[],"class_list":{"0":"post-58910","1":"product","2":"type-product","3":"status-publish","4":"has-post-thumbnail","6":"product_cat-exklusive-weine","7":"desktop-align-left","8":"tablet-align-left","9":"mobile-align-left","11":"first","12":"instock","13":"taxable","14":"shipping-taxable","15":"purchasable","16":"product-type-simple"},"uagb_featured_image_src":{"full":["https:\/\/weingut-fritzsch.de\/wpn\/wp-content\/uploads\/SHOPPICS\/Weingut_Fritzsch_Sprendlingen_17.jpg",276,552,false],"thumbnail":["https:\/\/weingut-fritzsch.de\/wpn\/wp-content\/uploads\/SHOPPICS\/Weingut_Fritzsch_Sprendlingen_17-100x200.jpg",100,200,true],"medium":["https:\/\/weingut-fritzsch.de\/wpn\/wp-content\/uploads\/SHOPPICS\/Weingut_Fritzsch_Sprendlingen_17-100x200.jpg",100,200,true],"medium_large":["https:\/\/weingut-fritzsch.de\/wpn\/wp-content\/uploads\/SHOPPICS\/Weingut_Fritzsch_Sprendlingen_17.jpg",276,552,false],"large":["https:\/\/weingut-fritzsch.de\/wpn\/wp-content\/uploads\/SHOPPICS\/Weingut_Fritzsch_Sprendlingen_17.jpg",276,552,false],"1536x1536":["https:\/\/weingut-fritzsch.de\/wpn\/wp-content\/uploads\/SHOPPICS\/Weingut_Fritzsch_Sprendlingen_17.jpg",276,552,false],"2048x2048":["https:\/\/weingut-fritzsch.de\/wpn\/wp-content\/uploads\/SHOPPICS\/Weingut_Fritzsch_Sprendlingen_17.jpg",276,552,false],"woocommerce_thumbnail":["https:\/\/weingut-fritzsch.de\/wpn\/wp-content\/uploads\/SHOPPICS\/Weingut_Fritzsch_Sprendlingen_17.jpg",100,200,false],"woocommerce_single":["https:\/\/weingut-fritzsch.de\/wpn\/wp-content\/uploads\/SHOPPICS\/Weingut_Fritzsch_Sprendlingen_17.jpg",276,552,false],"woocommerce_gallery_thumbnail":["https:\/\/weingut-fritzsch.de\/wpn\/wp-content\/uploads\/SHOPPICS\/Weingut_Fritzsch_Sprendlingen_17-100x100.jpg",100,100,true]},"uagb_author_info":{"display_name":"","author_link":"https:\/\/weingut-fritzsch.de\/wpn\/author\/"},"uagb_comment_info":0,"uagb_excerpt":"Scheurebe Trocken \u2013 Sprendlinger Wi\u00dfberg, Rheinhessen Aromenprofil &amp; Charakter: Im Glas wirkt die Scheurebe leicht, beschwingt und entwickelt sich zu einem echten Statement-Wein. In der Nase zeigen sich Aromen von reifen gelben Fr\u00fcchten, einem Hauch Zitrus und einer feinen W\u00fcrze. Am Gaumen pr\u00e4sentiert sich der Wein fruchtbetont, elegant trocken und von angenehmer Frische getragen \u2013&hellip;","_links":{"self":[{"href":"https:\/\/weingut-fritzsch.de\/wpn\/wp-json\/wp\/v2\/product\/58910","targetHints":{"allow":["GET"]}}],"collection":[{"href":"https:\/\/weingut-fritzsch.de\/wpn\/wp-json\/wp\/v2\/product"}],"about":[{"href":"https:\/\/weingut-fritzsch.de\/wpn\/wp-json\/wp\/v2\/types\/product"}],"replies":[{"embeddable":true,"href":"https:\/\/weingut-fritzsch.de\/wpn\/wp-json\/wp\/v2\/comments?post=58910"}],"wp:featuredmedia":[{"embeddable":true,"href":"https:\/\/weingut-fritzsch.de\/wpn\/wp-json\/wp\/v2\/media\/58029"}],"wp:attachment":[{"href":"https:\/\/weingut-fritzsch.de\/wpn\/wp-json\/wp\/v2\/media?parent=58910"}],"wp:term":[{"taxonomy":"product_brand","embeddable":true,"href":"https:\/\/weingut-fritzsch.de\/wpn\/wp-json\/wp\/v2\/product_brand?post=58910"},{"taxonomy":"product_cat","embeddable":true,"href":"https:\/\/weingut-fritzsch.de\/wpn\/wp-json\/wp\/v2\/product_cat?post=58910"},{"taxonomy":"product_tag","embeddable":true,"href":"https:\/\/weingut-fritzsch.de\/wpn\/wp-json\/wp\/v2\/product_tag?post=58910"}],"curies":[{"name":"wp","href":"https:\/\/api.w.org\/{rel}","templated":true}]}}